140 is divided by 56?
28
Calculate the remainder when 90 is divided by 20.
10
Calculate the remainder when 73 is divided by 47.
26
Calculate the remainder when 270 is divided by 86.
12
What is the remainder when 191 is divided by 16?
15
What is the remainder when 281 is divided by 96?
89
Calculate the remainder when 355 is divided by 120.
115
Calculate the remainder when 82 is divided by 12.
10
Calculate the remainder when 2808 is divided by 930.
18
What is the remainder when 95 is divided by 87?
8
Calculate the remainder when 52 is divided by 17.
1
What is the remainder when 222 is divided by 112?
110
Calculate the remainder when 9802 is divided by 30.
22
Calculate the remainder when 3130 is divided by 116.
114
Calculate the remainder when 2949 is divided by 2939.
10
Calculate the remainder when 928 is divided by 55.
48
Calculate the remainder when 182 is divided by 37.
34
What is the remainder when 142 is divided by 95?
47
Calculate the remainder when 2825 is divided by 11.
9
Calculate the remainder when 245 is divided by 51.
41
Calculate the remainder when 318 is divided by 18.
12
Calculate the remainder when 733 is divided by 143.
18
What is the remainder when 39 is divided by 38?
1
Calculate the remainder when 69 is divided by 15.
9
Calculate the remainder when 5 is divided by 2.
1
Calculate the remainder when 198 is divided by 79.
40
What is the remainder when 2836 is divided by 11?
9
Calculate the remainder when 140 is divided by 16.
12
What is the remainder when 271 is divided by 76?
43
What is the remainder when 1028 is divided by 181?
123
What is the remainder when 2117 is divided by 106?
103
Calculate the remainder when 571 is divided by 269.
33
Calculate the remainder when 765 is divided by 64.
61
Calculate the remainder when 741 is divided by 700.
41
Calculate the remainder when 157 is divided by 73.
11
Calculate the remainder when 65 is divided by 25.
15
What is the remainder when 11710 is divided by 221?
218
What is the remainder when 38 is divided by 7?
3
What is the remainder when 173 is divided by 28?
5
What is the remainder when 1956 is divided by 13?
6
What is the remainder when 54238 is divided by 10?
8
Calculate the remainder when 939 is divided by 59.
54
What is the remainder when 1063 is divided by 9?
1
Calculate the remainder when 503 is divided by 42.
41
What is the remainder when 168 is divided by 50?
18
What is the remainder when 3398 is divided by 846?
14
What is the remainder when 18827 is divided by 88?
83
What is the remainder when 203 is divided by 19?
13
What is the remainder when 59 is divided by 24?
11
What is the remainder when 244 is divided by 51?
40
What is the remainder when 820 is divided by 103?
99
Calculate the remainder when 48 is divided by 26.
22
Calculate the remainder when 364 is divided by 55.
34
What is the remainder when 254 is divided by 32?
30
Calculate the remainder when 473 is divided by 468.
5
What is the remainder when 170 is divided by 3?
2
What is the remainder when 1086 is divided by 13?
7
What is the remainder when 427 is divided by 62?
55
What is the remainder when 1424 is divided by 593?
238
What is the remainder when 697 is divided by 20?
17
Calculate the remainder when 1703 is divided by 30.
23
Calculate the remainder when 4808 is divided by 65.
63
What is the remainder when 304 is divided by 18?
16
Calculate the remainder when 52 is divided by 16.
4
Calculate the remainder when 46 is divided by 5.
1
What is the remainder when 23 is divided by 8?
7
What is the remainder when 715 is divided by 47?
10
What is the remainder when 3739 is divided by 22?
21
What is the remainder when 336 is divided by 33?
6
What is the remainder when 79 is divided by 16?
15
What is the remainder when 10099 is divided by 111?
109
Calculate the remainder when 373 is divided by 75.
73
Calculate the remainder when 4576 is divided by 325.
26
Calculate the remainder when 265 is divided by 100.
65
What is the remainder when 130 is divided by 38?
16
Calculate the remainder when 140 is divided by 44.
8
What is the remainder when 1020 is divided by 1009?
11
What is the remainder when 135 is divided by 43?
6
What is the remainder when 64 is divided by 30?
4
Calculate the remainder when 337 is divided by 290.
47
Calculate the remainder when 142 is divided by 33.
10
Calculate the remainder when 35 is divided by 21.
14
Calculate the remainder when 4771 is divided by 51.
28
What is the remainder when 126 is divided by 32?
30
Calculate the remainder when 260 is divided by 33.
29
What is the remainder when 106 is divided by 25?
6
Calculate the remainder when 798 is divided by 100.
98
What is the remainder when 79 is divided by 46?
33
What is the remainder when 86 is divided by 45?
41
Calculate the remainder when 252 is divided by 34.
14
Calculate the remainder when 3836 is divided by 167.
162
What is the remainder when 909 is divided by 220?
29
Calculate the remainder when 619 is divided by 200.
19
What is the remainder when 552 is divided by 24?
0
What is the remainder when 395 is divided by 11?
10
Calculate the remainder when 401 is divided by 31.
29
What is the remainder when 97 is divided by 21?
13
What is the remainder when 154 is divided by 69?
16
What is the remainder when 12724 is divided by 25?
24
What is the remainder when 743 is divided by 108?
95
What is the remainder when 159 is divided by 18?
15
What is the remainder when 4349 is divided by 3?
2
Calculate the remainder when 42 is divided by 13.
3
Calculate the remainder when 58 is divided by 10.
8
What is the remainder when 1352 is divided by 22?
10
What is the remainder when 90 is divided by 7?
6
What is the remainder when 134 is divided by 60?
14
What is the remainder when 6435 is divided by 41?
39
Calculate the remainder when 748 is divided by 16.
12
Calculate the remainder when 4262 is divided by 82.
80
What is the remainder when 67 is divided by 9?
4
Calculate the remainder when 807 is divided by 310.
187
What is the remainder when 314 is divided by 17?
8
What is the remainder when 99 is divided by 50?
49
What is the remainder when 493 is divided by 19?
18
Calculate the remainder when 251 is divided by 63.
62
What is the remainder when 191 is divided by 24?
23
What is the remainder when 1221 is divided by 120?
21
What is the remainder when 270 is divided by 39?
36
What is the remainder when 211 is divided by 32?
19
What is the remainder when 547 is divided by 220?
107
What is the remainder when 198 is divided by 50?
48
What is the remainder when 305 is divided by 6?
5
Calculate the remainder when 218 is divided by 15.
8
What is the remainder when 404 is divided by 45?
44
Calculate the remainder when 844 is divided by 11.
8
Calculate the remainder when 515 is divided by 293.
222
What is the remainder when 1555 is divided by 82?
79
What is the remainder when 1584 is divided by 787?
10
Calculate the remainder when 510 is divided by 32.
30
What is the remainder when 1733 is divided by 15?
8
What is the remainder when 426 is divided by 148?
130
What is the remainder when 122 is divided by 44?
34
Calculate the remainder when 539 is divided by 90.
89
Calculate the remainder when 48 is divided by 17.
14
What is the remainder when 34 is divided by 22?
12
What is the remainder when 626 is divided by 9?
5
Calculate the remainder when 607 is divided by 209.
189
What is the remainder when 5386 is divided by 17?
14
Calculate the remainder when 197 is divided by 17.
10
What is the remainder when 3683 is divided by 918?
11
Calculate the remainder when 308 is divided by 100.
8
Calculate the remainder when 456 is divided by 29.
21
What is the remainder when 6211 is divided by 239?
236
Calculate the remainder when 174 is divided by 73.
28
What is the remainder when 74 is divided by 22?
8
Calculate the remainder when 141 is divided by 6.
3
What is the remainder when 1331 is divided by 29?
26
What is the remainder when 3962 is divided by 61?
58
What is the remainder when 1381 is divided by 230?
1
What is the remainder when 447 is divided by 47?
24
Calculate the remainder when 51 is divided by 25.
1
What is the remainder when 163 is divided by 65?
33
Calculate the remainder when 329 is divided by 66.
65
What is the remainder when 311 is divided by 9?
5
What is the r